er?
False
Is 370559250853 a prime number?
False
Is 3228501673 a prime number?
False
Is 2058533447 composite?
True
Is 1931763037 composite?
False
Is 3260228255 a composite number?
True
Is 6075157157 composite?
False
Is 7622967601 a composite number?
False
Is 838623391 prime?
True
Is 83151509431 a composite number?
False
Is 1819272241 composite?
False
Is 16367187647 a prime number?
True
Is 67613443 a prime number?
True
Is 1898405879 a prime number?
False
Is 32274527651 prime?
True
Is 226800608761 composite?
False
Is 3013208111 a composite number?
False
Is 1101243673 composite?
True
Is 123394253 a prime number?
True
Is 965818817 composite?
False
Is 815734229 composite?
True
Is 1323578351 prime?
True
Is 37931019487 composite?
True
Is 5234143 composite?
False
Is 4576889851 composite?
True
Is 7766622211 prime?
False
Is 102075962663 a composite number?
True
Is 83013835 a composite number?
True
Is 1940513431 a composite number?
False
Is 100714655297 prime?
True
Is 1973001463 a prime number?
False
Is 41266658387 prime?
True
Is 17020942399 a prime number?
False
Is 439920769 composite?
False
Is 620787377 a composite number?
True
Is 7708397 prime?
True
Is 13529059351 a composite number?
True
Is 389696339 composite?
True
Is 4601082523 a composite number?
False
Is 59612082133 composite?
True
Is 1357307537 a prime number?
False
Is 67557612221 composite?
True
Is 2896267805 a composite number?
True
Is 773765099 a prime number?
True
Is 23585467411 prime?
False
Is 1326498791 composite?
False
Is 7653731389 prime?
False
Is 7634861747 a composite number?
False
Is 39044227 composite?
True
Is 9079989353 composite?
False
Is 1401550663 prime?
True
Is 74485991 a composite number?
False
Is 306122935 composite?
True
Is 175781017 a prime number?
True
Is 46469248391 composite?
False
Is 785912059 a prime number?
True
Is 8897834237 a prime number?
False
Is 5460334357 prime?
False
Is 81382657507 a composite number?
False
Is 4781511379 a prime number?
True
Is 30676469507 a prime number?
False
Is 34572705767 prime?
False
Is 11191384279 a composite number?
False
Is 6063721831 a composite number?
False
Is 85284321041 prime?
True
Is 339604387751 a prime number?
True
Is 6683560549 composite?
False
Is 3075463453 composite?
True
Is 32007149 a prime number?
True
Is 2920641199 a composite number?
True
Is 73029827 a composite number?
True
Is 89835953 a composite number?
True
Is 682583339 prime?
False
Is 566018743351 a prime number?
True
Is 159245287753 a prime number?
False
Is 115292621 composite?
True
Is 4444792761 prime?
False
Is 145171317853 prime?
True
Is 155501887 a prime number?
False
Is 1931176679 a prime number?
True
Is 4305305429 a prime number?
True
Is 431397331 a prime number?
True
Is 13967363741 composite?
False
Is 228200879 a composite number?
True
Is 2212945507 prime?
False
Is 661088509 prime?
False
Is 72146869 a prime number?
True
Is 782482709 composite?
False
Is 6689699321 prime?
False
Is 33806779001 composite?
False
Is 1537246562 prime?
False
Is 140601199 prime?
False
Is 681522151 a prime number?
True
Is 57432185269 composite?
True
Is 2162193599 prime?
True
Is 14768015261 composite?
False
Is 1009409083 composite?
True
Is 45164711857 composite?
False
Is 6418208383 a prime number?
True
Is 1410026141 a composite number?
True
Is 3401945689 a composite number?
True
Is 163109142809 a composite number?
False
Is 25556970869 composite?
False
Is 516620219 a prime number?
True
Is 14071605167 a prime number?
True
Is 22119827827 a prime number?
True
Is 771741793 composite?
True
Is 28412832905 a composite number?
True
Is 3985158095 composite?
True
Is 1077931037 a composite number?
True
Is 883604131 composite?
False
Is 6174623341 a prime number?
False
Is 12850732981 a prime number?
True
Is 92573948057 a prime number?
True
Is 1642656409 a prime number?
False
Is 928063991 a composite number?
False
Is 15078931189 a prime number?
False
Is 2728916293 composite?
True
Is 584508895 a prime number?
False
Is 1170941 a prime number?
True
Is 30186754193 composite?
True
Is 1912784063 prime?
True
Is 2027868389 a prime number?
False
Is 20623586209 prime?
True
Is 613430231 a composite number?
True
Is 55568753 composite?
True
Is 1469101309 prime?
False
Is 49874439773 composite?
False
Is 10924370011 prime?
True
Is 822301033 prime?
False
Is 91429986917 composite?
False
Is 18718852909 prime?
True
Is 41019241 composite?
False
Is 16296821627 prime?
False
Is 104200130113 prime?
True
Is 6646795003 a composite number?
False
Is 802640899 a composite number?
True
Is 13080234913 composite?
False
Is 192922463 a prime number?
False
Is 214314523 composite?
False
Is 827786689 a composite number?
True
Is 20099744309 a composite number?
False
Is 15049807 a prime number?
True
Is 643186223 composite?
False
Is 4460890537 prime?
True
Is 3053077337 a composite number?
False
Is 66629379983 prime?
False
Is 89543018471 prime?
True
Is 37154537561 prime?
False
Is 27022810631 a composite number?
True
Is 2905595743 composite?
True
Is 833520763 a prime number?
True
Is 2288057061 a composite number?
True
Is 1249046501 prime?
False
Is 260620021 composite?
False
Is 33694863562 a prime number?
False
Is 895226377 a composite number?
True
Is 1086050859 prime?
False
Is 3485357461 a prime number?
True
Is 544287877 prime?
False
Is 2644382749 a composite number?
True
Is 4483926169 composite?
False
Is 87740375473 prime?
False
Is 11940802433 prime?
False
Is 15997889159 a composite number?
True
Is 56180241521 composite?
True
Is 1182982639 prime?
True
Is 23406731993 prime?
True
Is 46451769779 composite?
True
Is 1287128539 a prime number?
False
Is 667456709 prime?
False
Is 15494955191 a prime number?
True
Is 829642181 composite?
True
Is 54373453 prime?
False
Is 1315992103 composite?
False
Is 498866723 a prime number?
False
Is 38826518113 composite?
False
Is 4537951277 prime?
True
Is 640547993 composite?
False
Is 20309757029 composite?
False
Is 1249053763 a composite number?
True
Is 43304939537 a prime number?
True
Is 112117067 prime?
False
Is 17329536689 a prime number?
False
Is 10671513673 a composite number?
False
Is 29229051421 composite?
False
Is 9459059153 prime?
False
Is 10453675703 prime?
True
Is 149248563 a composite number?
True
Is 1822310647 a prime number?
True
Is 2843703559 a composite number?
True
Is 38828445203 composite?
True
Is 15410781982 composite?
True
Is 563014778 prime?
False
Is 7333828597 prime?
True
Is 283243669 a prime number?
True
Is 16735213667 a composite number?
True
Is 97566439 a composite number?
True
Is 7436245151 a prime number?
False
Is 893046179 a composite number?
True
Is 31770073 a composite number?
True
Is 2871801787 prime?
True
Is 1233639739 composite?
False
Is 21372767431 a composite number?
True
Is 26047901393 a composite number?
False
Is 5550327449 composite?
False
Is 354950147 prime?
True
Is 120403030337 composite?
True
Is 12612490106 composite?
True
Is 318295409 composite?
False
Is 310988302159 composite?
True
Is 204084667 prime?
False
Is 7401197017 composite?
False
Is 205001 a prime number?
False
Is 62852474689 a composite number?
False
Is 5012534873 a composite number?
False
Is 1106536121 a composite number?
False
Is 51645371 a prime number?
False
Is 13643847989 prime?
True
Is 9295470037 a composite number?
True
Is 10782002167 prime?
True
Is 194833160237 composite?
True
Is 5542838813 a prime number?
True
Is 10884067537 a composite number?
True
Is 2053449229 prime?
False
Is 2593490621 a prime number?
True
Is 137316246631 a composite number?
False
Is 751805567 a prime number?
True
Is 129899124991 composite?
True
Is 207104309 a prime number?
False
Is 113553256547 a composite number?
False
Is 172275031 composite?
False
Is 23359428893 composite?
False
Is 570350003 a prime number?
False
Is 6335108341 a prime number?
False
Is 9575899217 a composite number?
False
Is 5663561413 prime?
True
Is 2682196111 a composite number?
True
Is 3237338323 a composite number?
False
Is 192762144073 a prime number?
False
Is 1745430671 prime?
True
Is 19660654435 composite?
True
Is 50575886681 a prime number?
True
Is 22181627861 prime?
True
Is 3606734231 a composite number?
True
Is 527395793 a prime number?
False
Is 8703952393 prime?
True
Is 13551359207 a prime number?
False
Is 15074142241 composite?
False
Is 89582693 prime?